*w + 66. Determine x(3).
-93
Let t(n) = 3*n**3 - 4*n**2 - 6*n + 4. Give t(5).
249
Let v(x) = 12754*x + 114780. What is v(-9)?
-6
Let i(r) = -r**2 + 35*r - 55. Calculate i(28).
141
Let i(l) = -329*l + 1358. Give i(5).
-287
Let y(k) = k**2 - 89*k + 262. Calculate y(3).
4
Let j(r) = 346*r - 822. Calculate j(3).
216
Let i(j) = -j**2 + 67*j - 40. What is i(66)?
26
Let f(k) = -4*k**3 - 8*k**2 + 14*k - 29. Determine f(4).
-357
Let t(b) = -b**3 + 5*b**2 - 607*b + 3031. Give t(5).
-4
Let k(o) = o**2 + 4*o + 27. Determine k(-4).
27
Let a(s) = -s**3 + 14*s**2 + 16*s + 9. Calculate a(15).
24
Let b(r) = r**3 - 35*r**2 + 19*r - 219. Determine b(35).
446
Let v(d) = -d**3 - 41*d**2 - 213*d - 112. What is v(-35)?
-7
Let o(r) = -384*r + 1148. What is o(3)?
-4
Let l(j) = -108*j - 150. Determine l(-1).
-42
Let w(b) = -b**3 - 20*b**2 - 69*b + 196. What is w(-14)?
-14
Let z(n) = 16*n + 62. Calculate z(-4).
-2
Let n(x) = 19*x**3 - 899*x**2 + 894*x + 4. Calculate n(1).
18
Let f(g) = g**3 - 36*g**2 + 65*g + 87. What is f(34)?
-15
Let q(i) = 3*i**3 + 198*i**2 - 5*i - 332. Determine q(-66).
-2
Let s(h) = 54*h + 1198. What is s(-22)?
10
Let b(c) = -c**2 - 90*c - 420. Determine b(-5).
5
Let r(o) = -6*o + 66. Determine r(-5).
96
Let x(a) = -a**3 - 3*a**2 + 24*a - 31. Calculate x(-7).
-3
Let f(j) = -j**2 - 23*j + 33. What is f(-39)?
-591
Let v(u) = -53*u + 1720. Give v(34).
-82
Let t(w) = -w**3 - 18*w**2 - 100*w - 105. Give t(-10).
95
Let i(r) = 21*r + 232. What is i(-11)?
1
Let t(f) = 6*f**2 + 63*f - 145. Give t(-13).
50
Let x(m) = 40*m**2 - 532*m + 198. Calculate x(13).
42
Let h(j) = -j**3 + 22*j**2 + 53*j - 1736. Give h(10).
-6
Let k(g) = 3*g - 125. What is k(30)?
-35
Let m(a) = -48*a + 651. Give m(19).
-261
Let f(t) = 52*t - 45. Give f(-4).
-253
Let o(m) = m + 107. Determine o(18).
125
Let s(j) = -24*j**2 - 2448*j - 20. Calculate s(-102).
-20
Let h(n) = 62*n**2 - 309*n - 6. Calculate h(5).
-1
Let q(o) = o**3 + 44*o**2 + 5*o + 33. Determine q(-44).
-187
Let v(q) = -1121*q + 1131. Give v(1).
10
Let n(h) = -51*h**2 + 5*h - 7. Calculate n(2).
-201
Let j(l) = -3*l**2 + 49*l + 6. Calculate j(17).
-28
Let b(j) = j**3 - 12*j**2 - 142*j + 1085. What is b(8)?
-307
Let i(g) = g**2 + 27*g + 69. Give i(-23).
-23
Let p(u) = 15*u**3 - 73*u**2 - 17*u - 15. Determine p(5).
-50
Let m(o) = -o - 56. Give m(11).
-67
Let i(u) = -11*u**2 + 499*u + 5134. Determine i(54).
4
Let h(y) = 8*y**2 - 587*y + 218. Give h(73).
-1
Let u(b) = b**3 + 60*b**2 + 158*b - 703. Determine u(-57).
38
Let s(z) = -211*z + 4845. Give s(23).
-8
Let b(v) = -16208*v - 48632. Determine b(-3).
-8
Let x(r) = 2*r**3 - 11*r**2 - 10*r - 9. Calculate x(6).
-33
Let u(s) = 2844*s + 110920. Determine u(-39).
4
Let d(h) = 5*h + 52. What is d(-26)?
-78
Let c(a) = -2*a**3 + 3*a**2 + 10*a - 23. Determine c(2).
-7
Let o(v) = v**2 - 4*v + 76. What is o(-18)?
472
Let t(h) = 2*h**3 + 18*h**2 - 16*h + 54. Determine t(-10).
14
Let w(o) = 3*o**2 - 18*o - 27. Determine w(10).
93
Let k(o) = -o**3 + 6*o**2 - 14*o + 19. What is k(4)?
-5
Let p(z) = z**2 + 88*z - 810. What is p(9)?
63
Let t(u) = 45*u - 832. Determine t(18).
-22
Let s(i) = -31*i + 350. What is s(11)?
9
Let i(z) = -1418*z - 26948. Give i(-19).
-6
Let t(s) = 3*s**3 + 32*s**2 - 60*s - 9. What is t(-11)?
530
Let c(v) = -27*v - 2214. Give c(-82).
0
Let z(s) = 1295*s - 214971. Give z(166).
-1
Let a(f) = -2*f**3 + 38*f**2 - 33*f - 102. Calculate a(16).
906
Let t(n) = 77*n - 3087. Give t(40).
-7
Let b(u) = -2*u**2 - 19*u + 108. What is b(4)?
0
Let n(b) = -19*b**3 - 11*b**2 - 6*b + 6. What is n(-1)?
20
Let w(r) = 6*r**2 - 668*r - 1342. What is w(-2)?
18
Let y(t) = t**2 + 89*t + 1247. Give y(-14).
197
Let d(x) = 2*x**2 + 116*x + 1184. Give d(-45).
14
Let i(j) = 390*j + 8. Calculate i(0).
8
Let y(i) = 6*i**2 + 549*i + 293. Determine y(-91).
20
Let d(f) = 4*f**3 + 90*f**2 + 202*f + 46. Give d(-20).
6
Let h(v) = -v**2 + 52*v + 132. Calculate h(-3).
-33
Let n(t) = -t**3 + 6*t**2 + 6*t - 75. What is n(11)?
-614
Let j(i) = -i**2 + 172*i - 7365. What is j(86)?
31
Let k(z) = -672*z + 513. Give k(0).
513
Let h(b) = b**2 + 41*b + 433. What is h(-18)?
19
Let c(a) = 310*a + 1499. Calculate c(-5).
-51
Let r(t) = t + 52. Determine r(-4).
48
Let f(a) = -a**3 + 11*a**2 - 15*a - 83. Give f(8).
-11
Let c(y) = -4*y**3 + 80*y**2 + 114*y - 2276. What is c(20)?
4
Let r(a) = 34*a**3 + 3*a**2 + 16*a - 19. Calculate r(1).
34
Let p(i) = 21*i - 307. Give p(15).
8
Let u(y) = 5*y + 4. Give u(-3).
-11
Let i(n) = -95*n**2 + 3232*n - 64. What is i(34)?
4
Let v(m) = 10*m**2 + 16*m + 7. Determine v(-5).
177
Let z(w) = -2*w - 110. Calculate z(31).
-172
Let a(l) = l**3 - 99*l**2 - 187*l - 1522. Give a(101).
-7
Let c(n) = 25*n + 963. Calculate c(-41).
-62
Let g(f) = f**2 + 31*f - 60. Calculate g(-31).
-60
Let j(u) = 2*u**2 + 6*u - 10. Give j(-3).
-10
Let d(g) = -18*g**3 + g**2 - 4*g - 12. What is d(-3)?
495
Let f(k) = -k**3 + 47*k**2 - 132*k - 7. What is f(3)?
-7
Let x(m) = -2*m**2 + 173*m - 1132. Give x(7).
-19
Let c(u) = -u**3 - 20*u**2 - 27*u - 39. What is c(-19)?
113
Let a(z) = -z**2 - 443*z - 10846. What is a(-26)?
-4
Let w(d) = d**3 + 6*d**2 - 36*d + 168. Calculate w(-11).
-41
Let h(a) = 3*a**3 + a**2 - 5*a - 4. What is h(-2)?
-14
Let m(k) = 2688*k + 2679. Give m(-1).
-9
Let s(y) = -y**3 - 22*y**2 + 44*y - 118. Give s(-24).
-22
Let f(o) = 3*o**2 + 9*o + 15. Give f(-4).
27
Let z(h) = 2*h**2 + 3*h - 26. Calculate z(4).
18
Let o(s) = s**2 + 31*s + 2. Calculate o(-31).
2
Let b(c) = 24*c**2 - 2467*c - 522. What is b(103)?
-7
Let o(f) = -10*f**2 - 12*f + 50. Determine o(-5).
-140
Let f(n) = -3*n**2 - 235*n - 2107. What is f(-68)?
1
Let b(x) = -x**2 + 458*x - 4026. Give b(9).
15
Let p(r) = -34*r**2 - 81*r - 6. What is p(-4)?
-226
Let l(s) = s**3 + 17*s**2 + 48*s + 81. Calculate l(-14).
-3
Let y(w) = w**2 + 143*w - 1688. What is y(-154)?
6
Let n(t) = 8*t + 211. Determine n(-14).
99
Let y(n) = -8*n**3 + 94*n**2 + 22*n + 32. Calculate y(12).
8
Let t(y) = 200*y - 809. Give t(4).
-9
Let n(c) = -6*c - 100. Calculate n(-15).
-10
Let w(n) = -1052*n - 4255. Calculate w(-4).
-47
Let t(x) = -4*x**2 + 266*x + 131. What is t(67)?
-3
Let h(w) = -w**3 - 62*w**2 + 801*w - 175. Calculate h(-73).
-29
Let g(d) = 2*d**2 - 14*d - 5717. What is g(57)?
-17
Let v(g) = g**3 + 20*g**2 + 10*g - 30. Give v(-6).
414
Let c(a) = 1442*a - 2895. What is c(2)?
-11
Let m(p) = -506*p + 2023. Calculate m(4).
-1
Let x(z) = 29*z**2 - 226*z + 665. Give x(3).
248
Let o(d) = -2*d**3 + 22*d**2 - 25*d + 4. Calculate o(11).
-271
Let t(k) = 2*k**3 - 56*k**2 + 308*k + 19. Calculate t(20).
-221
Let m(a) = -321*a**2. Determine m(1).
-321
Let l(n) = n**3 - 3*n**2 - 23*n + 4. Give l(10).
474
Let g(v) = 193*v - 1117. Calculate g(6).
41
Let j(n) = -5*n**3 - 62*n**2 - 117*n - 1130. Calculate j(-12).
-14
Let c(m) = -2*m**2 - 84*m + 1054. Determine c(11).
-112
Let j(t) = t**3 + 84*t**2 - 2*t - 182. Determine j(-84).
-14
Let y(m) = -m**2 + 5*m + 530. Calculate y(26).
-16
Let d(l) = -2*l**3 + 2*l**2 + 13*l - 3. Determine d(3).
0
Let z(r) = -13545*r - 54174. Give z(-4).
6
Let i(h) = -4*h**2 + 27*h + 123. Determine i(-8).
-349
Let w(i) = 150*i - 708. What is w(7)?
342
Let j(c) = 2*c**2 + 74*c - 1556. Give j(15).
4
Let n(p) = 2376*p - 16619. Give n(7).
13
Let v(s) = -55*s + 80. Calculate v(1).
25
Let i(v) = -66*v + 2260. Determine i(54).
-1304
Let f(n) = n**3 - 8*n**2 + 10*n + 7. Calculate f(7).
28
Let z(x) = x**2 - 5*x + 2. Give z(2).
-4
Let z(j) = j**3 + 10*j**2 - 22*j - 91. Determine z(-10).
129
Let a(f) = -32*f + 65. Give a(2).
1
Let r(p) = p**3 + 73*p**2 - 9*p + 4807. Calculate r(-74).
-3
Let t(u) = u**3 - 13*u + 16. Give t(5).
76
Let n(t) = 984*t + 30520. Calculate n(-31).
16
Let z(v) = 95*v + 47. What is z(-2)?
-143
Let c(d) = -2*d**3 - d**2 - 25*d - 197. Calculate c(0).
-197
Let f(s) = -s**3 - 78*s**2 - 431*s - 65. What is f(-72)?
-137
Let o(b) = -49*b + 218. Give o(18).
-664
Let x(h) = -5591*h + 11190. Determine x(2).
8
Let u(d) = 600*d - 9609. Calculate u(16).
-9
Let u(r) = 320*r**2 - 27*r + 30. Give u(2).
1256
Let u(c) = 70*c**2 + 148*c - 1. Calculate u(-2).
-17
Let j(s) = -s**3 - 46*s**2 + 47*s - 17. Calculate j(-47).
-17
Let p(u) = u**2 + 20*u + 26. Determine p(-18).
-10
Let l(v) = v**3 - 4*v**2 - 3*v + 15. Determine l(4).
3
Let c(l) = -l**2 + 27*l + 377. What is c(38)